z and a?
29
Suppose -2*c = -3*c - 56. Let n(i) = 5*i**2 + 2*i - 15. Let b be n(-5). Let w = c + b. Calculate the greatest common divisor of 11 and w.
11
Let j(p) = -4*p**2 - 14*p + 5. Let l(w) = 11*w**2 + 43*w - 15. Let f(b) = -8*j(b) - 3*l(b). Let a be f(-17). Calculate the highest common factor of a and 5.
5
Let k = 762 + -753. What is the highest common factor of 33 and k?
3
Suppose 6*y - 39 = 3*y. Suppose -y*b = -12*b - 39. Calculate the greatest common factor of 351 and b.
39
Suppose -3*n + 1075 = v, n - 365 = v - 3*v. What is the highest common divisor of 14 and n?
7
Suppose 0 = -2*x + 5*q + 246, 2*q = -3*x + 3*q + 356. Let s = x + -90. Calculate the greatest common divisor of s and 98.
14
Let a = -20 + 20. Suppose 10 + a = 5*h. Let l(w) = 4*w**2 - w + 1. Let b be l(h). What is the highest common divisor of 5 and b?
5
Let j be 646/4 + 190/20 + -10. Calculate the highest common factor of j and 46.
23
Let h(z) = z**2 + 5*z + 13. Let y be h(-9). Let f = y - 29. What is the highest common divisor of f and 80?
20
Let k be (-4)/4*(-7 - 3). Suppose -r = -2*g + 56, g - k - 15 = -r. Calculate the greatest common divisor of 27 and g.
27
Let t(n) = -74*n + 462. Let k be t(-5). What is the greatest common factor of 64 and k?
64
Let o be (-2)/17 - 12383/(-493). Suppose 0*l = 3*l - 45. Calculate the greatest common divisor of l and o.
5
Let r(s) = -10*s**2 - 2*s + 10. Let v be r(3). Let a = 102 + v. What is the greatest common divisor of a and 64?
16
Let v be 3/(-18)*3*-4. Suppose -g - v*m = -44, g + 12 = 4*m + 56. What is the greatest common factor of 4 and g?
4
Let i(x) = -58*x**3 - 4*x**2 + x + 2. Let p be i(-2). What is the highest common divisor of p and 28?
28
Suppose -m = -6*m - 255. Let y = m - -85. What is the highest common factor of 51 and y?
17
Let x = 22 - 3. Suppose 3*w - x = 2*w. Suppose 135 = -3*c + 534. What is the greatest common divisor of c and w?
19
Let d be (-2)/(-6)*(3 - 2 - -92). Calculate the greatest common divisor of d and 62.
31
Let y be (-1521)/((-4)/4) + -2. Let a = y + -1079. Calculate the greatest common divisor of a and 40.
40
Let a(d) = d**2 - 3*d - 10. Let m be a(10). Suppose -10 = -2*u + 14. Calculate the highest common divisor of m and u.
12
Suppose 2*q = -5*s - 14, -q + 4*s = q - 22. Suppose -q*x = -14 - 37. Let j = x + 22. What is the greatest common factor of 26 and j?
13
Let c(d) = 10 + d**2 + 3*d - 26*d + 14*d. Let f be c(9). Calculate the greatest common factor of 110 and f.
10
Suppose -4*i + 5 = -7. Let j be i/(-9) + (-46)/(-3). Calculate the highest common divisor of j and 15.
15
Suppose -33*a + 2304 = -24*a. What is the highest common divisor of 24 and a?
8
Let h be (3/(-2))/((-19)/8 + 2). Let u be (-12)/h - -3 - -6. Calculate the highest common factor of 6 and u.
6
Suppose 2905 = -80*o + 87*o. Calculate the greatest common factor of 747 and o.
83
Let l = 6 - -30. What is the highest common divisor of 54 and l?
18
Let x be (-5840)/(-45) + (-4)/(-18). Suppose l + 49 - x = -i, 2*i = l + 147. What is the greatest common factor of i and 190?
38
Let c = -2510 - -4769. Calculate the highest common divisor of 9 and c.
9
Suppose -2*o = 3*i - 125, 6*o + 2*i - 60 = 5*o. What is the highest common factor of 770 and o?
70
Let o(g) = -g**3 - 29*g**2 - 123*g - 36. Let v be o(-24). Let j(m) = m**3 + 6*m**2 + 2*m. Let x be j(-4). Calculate the highest common divisor of x and v.
12
Let z(u) = -u**3 - 18*u**2 + 20. Suppose 3*s = 2*i + 48, 7*s = -5*i + 3*s - 74. Let c be z(i). What is the highest common factor of 100 and c?
20
Let x(i) = -i - 4. Let a be x(-6). Let j be -5 - 32745/(-1 - 2). Let t be a/13 - j/(-65). What is the greatest common divisor of t and 24?
24
Let i be 43 + (24/11 - 20/110). Suppose -3*b - 41 = -2*o, -4*b + 77 = 3*o + 7. Let v = -13 + o. Calculate the greatest common factor of v and i.
9
Suppose -5*y + 2563 = 3*k, 0*y - 2*y + 4*k + 1020 = 0. Calculate the greatest common factor of 8 and y.
8
Let o be 254/16 + 43/344. Let u(d) = 18*d**2 - 4*d. Let y be u(-4). Calculate the highest common factor of y and o.
16
Let m be (4 - 132/15)*-10. Suppose 0 = -d - 1, 3*d + 120 = -5*g - m. Let h = g - -61. What is the greatest common divisor of 70 and h?
14
Suppose -2*t - 3*i - 3 + 8 = 0, -t = 4*i. Suppose -t*q - 7 = -a + 9, 3*q = 5*a - 46. Calculate the greatest common divisor of a and 8.
8
Suppose 2*i = -3*v - 137, 0 = 2*v - 3*i + 53 + 47. Let q = -41 - v. Let c be (3 - (-14)/(-4))*-4. Calculate the highest common divisor of q and c.
2
Suppose -r = -0*r + 2*o, -2*o = 4*r - 6. Suppose -2*t + r*d + 18 = 0, 3*t + 2*t + 3*d = 53. Calculate the highest common factor of t and 80.
10
Suppose 5*g - 1082 = -2*p, p - 239 = 2*g - 670. Suppose -5*d = -8*d + g. Suppose -3*t = -6*t + d. Calculate the greatest common factor of 12 and t.
12
Let c(a) = 3*a - 1. Suppose 6*o = 12 + 6. Let g be c(o). What is the greatest common factor of g and 8?
8
Let k(s) be the second derivative of -s**5/10 - s**4/3 + s**3/2 - 2*s**2 - s. Let l be k(-3). What is the greatest common factor of 5 and l?
5
Suppose -4*l = -399 + 127. Let n = -35 + l. What is the greatest common factor of 132 and n?
33
Suppose f + 30 = 6*f. Suppose k = f*k - 10. Suppose 46 = 5*u - 3*j, -k*u + 4*u - 10 = 4*j. What is the greatest common factor of 1 and u?
1
Let i(h) = -h**3 - 2*h**2 - 3*h + 6. Let a be i(-6). What is the greatest common divisor of 96 and a?
24
Suppose -23*x + 639 + 396 = 0. Calculate the highest common factor of x and 180.
45
Let c = -5 + 9. Suppose -c*v - 3 = -23. Suppose 5*z - 417 + 142 = 0. What is the greatest common factor of z and v?
5
Let j(z) = -z + 2. Let k be j(0). Suppose p + 75 = 5*s, -2*s - k*p + 5*p + 43 = 0. Let d = 3 + s. What is the greatest common divisor of 136 and d?
17
Let w = 81 + -49. Suppose -x - w = -4*x - 5*j, -2*j + 24 = 2*x. Calculate the highest common factor of 28 and x.
14
Let a be (-6)/2 + 228/19. Calculate the highest common factor of a and 9.
9
Suppose -3*h + 1056 = 9*h. Suppose -4*k = 0, -3*o + 5 + 19 = 4*k. Calculate the greatest common divisor of o and h.
8
Let q be 2 - (6 + -3) - -3. Suppose -q*p + 32 = -2*j, 3*j + 27 = 5*p - 3*p. Let c = 53 - -52. Calculate the greatest common divisor of c and p.
21
Suppose -t = -2*t. Let k = t + 2. Suppose -3*m - 2*v - 5 = -6*m, k*v = 5*m - 11. Calculate the greatest common divisor of m and 24.
3
Let c(y) = -4*y**3 + y**2 - 3*y - 2. Let k be c(-2). Suppose -6*s + 4*s = -k. What is the greatest common divisor of s and 30?
10
Suppose n = 3*n - 14. Let c = n + -3. Suppose p - 20 = -c*x, 4*p - p - 30 = 3*x. What is the greatest common factor of p and 3?
3
Suppose -4 = -4*a - 0. Suppose 4*w - 3*i - 41 = 3*w, i = 0. Suppose -r = 4 + a, -o = -r - w. Calculate the greatest common factor of o and 18.
18
Suppose -34*o + 12*o = -93258. What is the greatest common divisor of o and 157?
157
Suppose -m + 365 = 3*q, 4*q - 499 = -2*m - 13. What is the highest common factor of 427 and q?
61
Let g(j) = -j**2 + 7*j + 1. Let k be 410/(-15) - 6/9. Let u be (k/10)/((-12)/30). Let q be g(u). Calculate the greatest common divisor of 1 and q.
1
Let m be 142/14*1 + (-7)/49. Let u(n) = 2*n**2 - n. Let f be u(-2). Calculate the greatest common divisor of m and f.
10
Let w(s) = s**3 - 18*s**2 + 24*s + 73. Let q be w(20). What is the highest common divisor of q and 33?
33
Let g(m) = m**2 + 10*m + 8. Let s be g(-10). Let x be (-4)/s*-2*58. Let o = 138 + x. What is the greatest common factor of 28 and o?
28
Let b(l) = -4*l + 9*l - 24 + l + l**2 - 2*l. Let t be b(-8). Calculate the highest common divisor of 64 and t.
8
Let g(q) = q**2 + 13*q + 4. Let c be g(-11). Let o be (c/(-8) - 3)*16. Let p = o + 13. What is the highest common divisor of 8 and p?
1
Let s = -18 + 22. Let m(h) = 5*h + 12. Let l be m(s). What is the highest common factor of l and 288?
32
Let z be (-125)/10*2/(-5). Suppose -4*u = z*m - 505, 0*m - 4*m = 5*u - 620. Calculate the highest common factor of 24 and u.
24
Let l = 48 - 34. Let p = l + 15. Let i be (-4)/(-16) + (-115)/(-4). What is the greatest common divisor of i and p?
29
Let x be (140/16)/((-2)/(-8)). Suppose 6*b = 85 + x. Calculate the greatest common factor of 60 and b.
20
Let u be 1 - (106/(-1) + 2). Let s(v) = 8*v - 14. Let i be s(6). Let l = i + -13. What is the highest common 